 9, what is -5 + -61074?
-61080
In base 5, what is 340 + 300021?
300411
In base 7, what is -2024641 - -3?
-2024635
In base 6, what is 144 - -22524?
23112
In base 12, what is -67 - 1b21?
-1b88
In base 7, what is -140 + 1650?
1510
In base 10, what is 95447 - 0?
95447
In base 11, what is -397a25 - -4?
-397a21
In base 15, what is -44 + 1a5?
161
In base 9, what is 132 + -253?
-121
In base 7, what is 5 - -6354245?
6354253
In base 7, what is 5 - -305266?
305304
In base 8, what is -4 + 1740075?
1740071
In base 5, what is 22011 - 244?
21212
In base 16, what is 124c7 - 0?
124c7
In base 16, what is 23bb + -cd?
22ee
In base 11, what is 1958a - 4?
19586
In base 3, what is 1101221002 + 20?
1101221022
In base 2, what is -111101011 + 100000?
-111001011
In base 6, what is -131 - -213?
42
In base 9, what is -23338 + 4?
-23334
In base 10, what is 21 - -99129?
99150
In base 12, what is -19a + -405?
-5a3
In base 8, what is 4 - -300620?
300624
In base 12, what is -3 + 6785?
6782
In base 11, what is -3147 + -6?
-3152
In base 7, what is 65536 + 53?
65622
In base 3, what is 211220011011 + 12?
211220011100
In base 5, what is 1421 - -1002?
2423
In base 10, what is -286 - -202?
-84
In base 12, what is 895 + -10b4?
-41b
In base 10, what is 429036 - -4?
429040
In base 15, what is -18323 + 5?
-1831d
In base 8, what is 22620 + 41?
22661
In base 7, what is -12143 - 24?
-12200
In base 14, what is -1 - -14355?
14354
In base 10, what is 86 + 30763?
30849
In base 4, what is -10313201 + -11?
-10313212
In base 6, what is -5 - -253002?
252553
In base 5, what is -12 + 342330?
342313
In base 8, what is 21 - 5654?
-5633
In base 10, what is -25 - 929?
-954
In base 12, what is 11 - -3827?
3838
In base 12, what is -35 + 5022?
4ba9
In base 14, what is 6725 - 8?
671b
In base 3, what is -12 - -12021020002?
12021012220
In base 10, what is 97 + -845?
-748
In base 7, what is 5454662 + 11?
5455003
In base 6, what is 5 + -300541?
-300532
In base 6, what is 250024 + -12?
250012
In base 10, what is -491 - 4?
-495
In base 10, what is 246 + 1589?
1835
In base 16, what is 6bd - 7?
6b6
In base 12, what is -6 + 86b3?
86a9
In base 7, what is 2334 - -14301?
16635
In base 4, what is 210 + -3010323?
-3010113
In base 12, what is 285 - -51?
316
In base 13, what is 165887 - 3?
165884
In base 16, what is 927 - 0?
927
In base 6, what is -143535 - 53?
-144032
In base 8, what is -2 - 326247?
-326251
In base 2, what is 101 + -1001011100001101?
-1001011100001000
In base 3, what is -220022 + -21211?
-1012010
In base 16, what is -4714 - -7?
-470d
In base 15, what is -151e2 + 1?
-151e1
In base 11, what is -1a9a70 - -1?
-1a9a6a
In base 9, what is -6 + -63183?
-63200
In base 15, what is 26 + 74c?
773
In base 11, what is 191a34 + -14?
191a20
In base 9, what is -6 - -25221?
25214
In base 15, what is -42 - -10d0?
108d
In base 9, what is 1 - -1064354?
1064355
In base 2, what is 1 + -10010010101111?
-10010010101110
In base 3, what is -2020 - 1110111121?
-1110120211
In base 15, what is 2c3336 - 2?
2c3334
In base 4, what is -13 + -231113?
-231132
In base 6, what is -10352 - 312?
-11104
In base 11, what is -3505 - 20a?
-3714
In base 11, what is 4a2 - -687?
1079
In base 14, what is 17 + d60c?
d625
In base 3, what is 1 + -11022012021?
-11022012020
In base 7, what is -542 + -66200?
-100042
In base 15, what is -4 + -5c11?
-5c15
In base 3, what is 10111101 + -10100?
10101001
In base 8, what is 456 + 11765?
12443
In base 15, what is 7c9e5 - -5?
7c9ea
In base 15, what is 6300 + 3?
6303
In base 14, what is 9420 + 0?
9420
In base 6, what is -1400 + -4001?
-5401
In base 4, what is 120303230210 - 2?
120303230202
In base 13, what is -5c - 65b?
-6ba
In base 12, what is -108a4 - -2?
-108a2
In base 13, what is 13490 + -3c?
13451
In base 12, what is b79 + 249?
1206
In base 6, what is -154 - -11014?
10420
In base 4, what is -2203232231 + -2?
-2203232233
In base 16, what is -1bb1 - -71?
-1b40
In base 7, what is -403235 - -4?
-403231
In base 12, what is 14 - -1bb62?
1bb76
In base 3, what is -20120020 - 22?
-20120112
In base 8, what is 1 - 20661?
-20660
In base 14, what is -26 - -ac3?
a9b
In base 11, what is -30a - -9?
-301
In base 11, what is 143 + 80?
213
In base 13, what is ba66b + 4?
ba672
In base 11, what is 61792 + 13?
617a5
In base 4, what is 10 + -1003123020?
-1003123010
In base 13, what is -1133 + -5?
-1138
In base 14, what is -4 - 10555?
-10559
In base 9, what is 2218 - -2726?
5045
In base 12, what is 11 - 18228?
-18217
In base 15, what is -4a - 9a?
-e5
In base 11, what is 128 + 2561?
2689
In base 4, what is -13 + 131030?
131011
In base 5, what is 10 - -133230322?
133230332
In base 14, what is 980a - 2?
9808
In base 13, what is 72c4a + 1?
72c4b
In base 5, what is 1334 - -4402?
11241
In base 4, what is 31110131 + -1?
31110130
In base 11, what is -5 + -102593?
-102598
In base 15, what is -b + -6190?
-619b
In base 6, what is -23342 + -20215?
-44001
In base 4, what is -12001330 - -10?
-12001320
In base 15, what is 7e + 4726?
47a5
In base 16, what is 0 - -277a?
277a
In base 9, what is 741 + -3128?
-2277
In base 14, what is -38 + 17db?
17a3
In base 8, what is 42 - -1537?
1601
In base 5, what is -1412 + -10042?
-12004
In base 7, what is 4 + -3012655?
-3012651
In base 3, what is -2112 - 12112?
-22001
In base 12, what is -3895b - -2?
-38959
In base 7, what is 45463 - -14?
45510
In base 16, what is 15a645 + -2?
15a643
In base 3, what is 2221 - -2220?
12211
In base 11, what is -975303 - 2?
-975305
In base 15, what is -3 + -533e?
-5342
In base 10, what is 1935058 - 0?
1935058
In base 13, what is -4 + -9880?
-9884
In base 4, what is 1200 + -31112?
-23312
In base 4, what is 20222 + -1332?
12230
In base 3, what is 11 - -102121101220?
102121102001
In base 5, what is 10 - -22320?
22330
In base 5, what is -331021 + 33?
-330433
In base 6, what is -5 + -2250104?
-2250113
In base 9, what is 10548 - 1?
10547
In base 4, what is 10232 - 1010013?
-333121
In base 14, what is 14852 + -1?
14851
In base 12, what is -1 - 818a?
-818b
In base 8, what is 2 - -571676?
571700
In base 13, what is 12 - 336c?
-335a
In base 9, what is -2 - -37108?
37106
In base 5, what is -21030322 - 4?
-21030331
In base 4, what is 1122123 - 21?
1122102
In base 3, what is 2001 - 11100220?
-11021212
In base 14, what is 4 - -260a?
2610
In base 11, what is -204047 + 2?
-204045
In base 14, what is -8d81c - 2?
-8d820
In base 4, what is -20200330 - -3?
-20200321
In base 2, what is 1100010011110010 + -1001?
1100010011101001
In base 16, what is 12 - -6a3?
6b5
In base 5, what is -240 - -3022221?
3021431
In base 14, what is 2 + -1a56?
-1a54
In base 12, what is 357 + -191?
186
In base 9, what is 6 - -153041?
153047
In base 10, what is 9242 - 73?
9169
In base 16, what is -7 + 33e9?
33e2
In base 7, what is -56151 + 4?
-56144
In base 10, what is -512 - 474?
-986
In base 3, what is 1112 - 1011020?
-1002201
In base 15, what is 6833 - 13?
6820
In base 8, what is -53467 + -123?
-53612
In base 2, what is -11001100110011101010 + -11?
-11001100110011101101
In base 6, what is -14230551 + 3?
-14230544
In base 15, what is 6 - -976ab?
976b2
In base 15, what is -d - 3bed?
-3c0b
In base 5, what is -1412003 + 0?
-1412003
In base 2, what is -100011011 + 100000?
-11111011
In base 10, what is 5593 + 97?
5690
In base 3, what is -1110010 + -1012?
-1111022
In base 14, what is -3a + 3634?
35d8
In base 6, what is -322152 + -25?
-322221
In base 14, what is 190 - c?
182
In base 12, what is -b18 - 4a8?
-1404
In base 11, what is 263a - -82?
2711
In base 8, what is -504 - 10626?
-11332
In base 7, what is 2101 - -201?
2302
In base 5, what is -103 + 1300?
1142
In base 3, what is 211 + -101202?
-100221
In base 4, what is 203123 - -1101?
210230
In base 2, what is 1000 - -100101110010001001?
100101110010010001
In base 8, what is 11463 - -15?
11500
In base 5, what is -3 + 21231012?
21231004
In base 12, what is 2 + -5204?
-5202
In base 14, what is 9 + -121d?
-1214
In base 16, what is 1 + a3c6?
a3c7
In base 11, what is -47 - 1750?
-1797
In base 4, what is -211011 - 30?
-211101
In base 2, what is -10110100101000 + 1?
-10110100100111
In base 9, what is 688 + 5335?
6134
In base 8, what is 24 + -2710?
-2664
In base 4, what is 22 + -1111110?
-1111022
In base 6, what is 23010 + 32?
23042
In base 13, what is 4397 + -5?
4392
In base 2, what is 